at are the prime factors of 346615?
5, 181, 383
What are the prime factors of 454344?
2, 3, 11, 1721
What are the prime factors of 1376706?
2, 3, 59, 3889
List the prime factors of 5449279.
11, 495389
List the prime factors of 538779.
3, 179593
What are the prime factors of 64689?
3, 21563
What are the prime factors of 6234687?
3, 692743
What are the prime factors of 5692157?
5692157
What are the prime factors of 910780?
2, 5, 13, 31, 113
What are the prime factors of 11906433?
3, 7, 11, 23, 83
What are the prime factors of 9036258?
2, 3, 7, 11, 19559
What are the prime factors of 21121438?
2, 13, 812363
What are the prime factors of 36103935?
3, 5, 7, 49121
What are the prime factors of 62343?
3, 2309
What are the prime factors of 947807?
7, 23, 29
What are the prime factors of 230849?
230849
What are the prime factors of 20517008?
2, 67, 19139
List the prime factors of 32865.
3, 5, 7, 313
List the prime factors of 4973410.
2, 5, 13, 67, 571
List the prime factors of 229633.
277, 829
List the prime factors of 230065.
5, 11, 47, 89
What are the prime factors of 2020186?
2, 7, 144299
List the prime factors of 25266863.
25266863
List the prime factors of 20005127.
47, 425641
What are the prime factors of 746734?
2, 37, 10091
What are the prime factors of 29566551?
3, 7, 139, 1447
List the prime factors of 2750332.
2, 13, 227, 233
What are the prime factors of 54322?
2, 157, 173
List the prime factors of 4936952.
2, 617119
What are the prime factors of 225277?
13, 31, 43
List the prime factors of 8499817.
643, 13219
List the prime factors of 374044.
2, 11, 8501
List the prime factors of 25779527.
23, 1120849
List the prime factors of 5267331.
3, 17, 173, 199
What are the prime factors of 118254?
2, 3, 19709
List the prime factors of 171368.
2, 31, 691
What are the prime factors of 12842037?
3, 13, 36587
List the prime factors of 720810.
2, 3, 5, 8009
What are the prime factors of 28049?
7, 4007
List the prime factors of 874908.
2, 3, 8101
List the prime factors of 166339.
181, 919
What are the prime factors of 19137608?
2, 7, 341743
List the prime factors of 303918.
2, 3, 37
What are the prime factors of 4610542?
2, 2305271
What are the prime factors of 250079?
23, 83, 131
What are the prime factors of 858638?
2, 11, 31, 1259
List the prime factors of 6562472.
2, 7, 16741
What are the prime factors of 163436?
2, 7, 13, 449
What are the prime factors of 8880504?
2, 3, 370021
List the prime factors of 216014.
2, 108007
What are the prime factors of 2235608?
2, 279451
What are the prime factors of 174744?
2, 3, 809
What are the prime factors of 1415293?
11, 128663
List the prime factors of 147694.
2, 73847
List the prime factors of 9136292.
2, 11, 207643
What are the prime factors of 514534?
2, 367, 701
What are the prime factors of 10570180?
2, 5, 528509
What are the prime factors of 417695?
5, 139, 601
What are the prime factors of 701570?
2, 5, 70157
List the prime factors of 106320.
2, 3, 5, 443
What are the prime factors of 324414?
2, 3, 67, 269
What are the prime factors of 8804701?
599, 14699
What are the prime factors of 8213376?
2, 3, 73, 293
What are the prime factors of 4022759?
13, 79, 3917
List the prime factors of 563730.
2, 3, 5, 19, 23, 43
What are the prime factors of 928756?
2, 232189
What are the prime factors of 113221?
19, 59, 101
List the prime factors of 300181.
7, 19, 37, 61
What are the prime factors of 2295555?
3, 5, 43, 3559
List the prime factors of 780330.
2, 3, 5, 19, 37
What are the prime factors of 1583037?
3, 58631
What are the prime factors of 780250?
2, 5, 3121
List the prime factors of 370078.
2, 31, 47, 127
What are the prime factors of 363497?
363497
List the prime factors of 224777.
7, 163, 197
List the prime factors of 2105938.
2, 103, 10223
What are the prime factors of 1210593?
3, 457, 883
List the prime factors of 3071562.
2, 3, 13, 53, 743
What are the prime factors of 3185471?
149, 21379
List the prime factors of 1568125.
5, 13, 193
List the prime factors of 32989032.
2, 3, 50909
List the prime factors of 3465330.
2, 3, 5, 11, 10501
What are the prime factors of 4832970?
2, 3, 5, 71, 2269
List the prime factors of 21432529.
17, 74161
What are the prime factors of 2328846?
2, 3, 13, 73, 409
List the prime factors of 153272.
2, 7, 17, 23
List the prime factors of 17677.
11, 1607
What are the prime factors of 811860?
2, 3, 5, 7, 1933
What are the prime factors of 236499?
3, 31, 2543
What are the prime factors of 17504085?
3, 5, 67, 17417
What are the prime factors of 7029652?
2, 7, 251059
What are the prime factors of 329102?
2, 59, 2789
What are the prime factors of 355728?
2, 3, 7411
List the prime factors of 28270276.
2, 173, 40853
What are the prime factors of 13641?
3, 4547
List the prime factors of 1972725.
3, 5, 29, 907
What are the prime factors of 448333?
47, 9539
List the prime factors of 1350705.
3, 5, 53, 1699
List the prime factors of 1781583.
3, 17, 181, 193
What are the prime factors of 580129?
11, 23, 2293
List the prime factors of 408687.
3, 23, 5923
List the prime factors of 462546.
2, 3, 7, 3671
List the prime factors of 1389045.
3, 5, 7, 13229
What are the prime factors of 32570624?
2, 47, 2707
List the prime factors of 2063098.
2, 1031549
List the prime factors of 7207566.
2, 3, 1201261
List the prime factors of 1285006.
2, 83, 7741
List the prime factors of 5008112.
2, 23, 31, 439
List the prime factors of 99561.
3, 7, 11, 431
What are the prime factors of 15994207?
15994207
What are the prime factors of 742360?
2, 5, 67, 277
List the prime factors of 770136.
2, 3, 32089
What are the prime factors of 11700303?
3, 71, 163, 337
List the prime factors of 135346.
2, 31, 37, 59
List the prime factors of 4076417.
4076417
What are the prime factors of 70186?
2, 19, 1847
What are the prime factors of 23915730?
2, 3, 5, 821, 971
What are the prime factors of 1712756?
2, 353, 1213
What are the prime factors of 393653?
13, 107, 283
What are the prime factors of 261427?
261427
What are the prime factors of 19840156?
2, 7, 17, 41681
List the prime factors of 753749.
19, 39671
What are the prime factors of 21084640?
2, 5, 131779
What are the prime factors of 19801100?
2, 5, 11, 47, 383
What are the prime factors of 10770291?
3, 7, 170957
What are the prime factors of 50518?
2, 13, 29, 67
What are the prime factors of 7403428?
2, 97, 19081
List the prime factors of 4691419.
151, 31069
What are the prime factors of 81446?
2, 193, 211
What are the prime factors of 123157?
107, 1151
What are the prime factors of 8486231?
13, 652787
List the prime factors of 17678663.
17678663
List the prime factors of 7664759.
1447, 5297
What are the prime factors of 2331269?
487, 4787
List the prime factors of 4083619.
4083619
What are the prime factors of 3752652?
2, 3, 19, 109, 151
What are the prime factors of 866304?
2, 3, 47
What are the prime factors of 4589401?
233, 19697
What are the prime factors of 717462?
2, 3, 23, 1733
What are the prime factors of 28006?
2, 11, 19, 67
List the prime factors of 5009398.
2, 101, 24799
List the prime factors of 13817319.
3, 23, 43, 4657
List the prime factors of 3955361.
853, 4637
What are the prime factors of 292145?
5, 7, 17, 491
List the prime factors of 1324777.
23, 239, 241
What are the prime factors of 20946953?
20946953
List the prime factors of 2719019.
37, 43, 1709
What are the prime factors of 1910456?
2, 47, 5081
What are the prime factors of 88546?
2, 44273
List the prime factors of 808210.
2, 5, 13, 6217
What are the prime factors of 175562?
2, 41, 2141
What are the prime factors of 900603?
3, 11, 827
List the prime factors of 131026.
2, 7, 191
What are the prime factors of 579441?
3, 193147
List the prime factors of 12284998.
2, 11, 337, 1657
List the prime factors of 777730.
2, 5, 77773
What are the prime factors of 802384?
2, 11, 47, 97
List the prime factors of 190594.
2, 233, 409
What are the prime factors of 1319702?
2, 19, 34729
List the prime factors of 332997.
3, 7, 101, 157
List the prime factors of 706045.
5, 141209
What are the prime factors of 215452?
2, 61, 883
What are the prime factors of 12076633?
23, 53, 9907
What are the prime factors of 997497?
3, 137, 809
List the prime factors of 522972.
2, 3, 73, 199
What are the prime factors of 451340